{"id":7550,"date":"2024-06-04T09:09:25","date_gmt":"2024-06-04T09:09:25","guid":{"rendered":"https:\/\/www.osmed.com.tr\/blog\/?page_id=7550"},"modified":"2024-06-05T10:51:10","modified_gmt":"2024-06-05T10:51:10","slug":"organizasyonlar","status":"publish","type":"page","link":"https:\/\/www.osmed.com.tr\/blog\/organizasyonlar\/","title":{"rendered":"Organizasyonlar"},"content":{"rendered":"<div class=\"wpb-content-wrapper\"><p>[vc_row full_width=&#8221;stretch_row&#8221; css=&#8221;.vc_custom_1717492428880{padding-top: 100px !important;background: #1a1a1a url(https:\/\/www.ekko-wp.com\/static\/wp-content\/uploads\/sites\/3\/2018\/10\/parallax.jpg?id=) !important;}&#8221; el_class=&#8221;under-menu-topbar&#8221;][vc_column css=&#8221;.vc_custom_1515686761275{padding-right: 0px !important;padding-left: 0px !important;}&#8221;][vc_row_inner][vc_column_inner]<header class=\"kd-section-title vc_col-lg-6 vc_col-sm-8 text-center  kd-animated fadeIn   vc_custom_1717492566795\" data-animation-delay=200><h2 class=\"separator_off\" style=\"color: #ffffff;\">Organizasyonlar\u0131m\u0131z 10 ya\u015f\u0131nda!<\/h2><h6 class=\"subtitle \" style=\"color: #f7f7f7;\">\u00dclke genelinde binlerce sekt\u00f6r mensubu ve tedarik\u00e7i firmay\u0131 bir araya getirdi\u011fimiz organizasyonlar\u0131m\u0131zda 10 y\u0131l\u0131 tamamlaman\u0131n gururunu ya\u015f\u0131yoruz.<\/h6><\/header>[\/vc_column_inner][\/vc_row_inner][vc_row_inner css=&#8221;.vc_custom_1717505370956{padding-bottom: 100px !important;}&#8221; el_id=&#8221;giris&#8221;][vc_column_inner css=&#8221;.vc_custom_1515686674776{padding-right: 15px !important;}&#8221;]\r\n                <div class=\"photobox-carousel pbc-parent white-navigation kd-pbc-69e1cd274a915 nav-arrows-dots\">\r\n                    <div class=\"pbc-content\"><div class=\"kd-photobox kd-animated fadeInUp \" ><div class=\"photobox-img\"><a href=\"#tedarikci\"  title=\"\"><img loading=\"lazy\" decoding=\"async\" width=\"333\" height=\"240\" src=\"https:\/\/www.osmed.com.tr\/blog\/wp-content\/uploads\/2024\/06\/unnamed.jpg\" class=\"attachment-full\" alt=\"\" title=\"unnamed\" srcset=\"https:\/\/www.osmed.com.tr\/blog\/wp-content\/uploads\/2024\/06\/unnamed.jpg 333w, https:\/\/www.osmed.com.tr\/blog\/wp-content\/uploads\/2024\/06\/unnamed-300x216.jpg 300w\" sizes=\"(max-width: 333px) 100vw, 333px\" \/><\/a><\/div><div class=\"phb-content text-left \" ><h5 >Sekt\u00f6r\u00fcn \u00f6nde gelen tedarik\u00e7i firmalar\u0131 bizimle birlikte.<\/h5><div class=\"phb-btncontainer\">\r\n                      <a href=\"#tedarikci\"  title=\"\" class=\"tt_button tt_primary_button btn_primary_color\">Daha Fazla<\/a>\r\n                  <\/div><\/div><\/div><div class=\"kd-photobox kd-animated fadeInUp \" data-animation-delay=200><div class=\"photobox-img\"><a href=\"#katilimci\"  title=\"\"><img loading=\"lazy\" decoding=\"async\" width=\"1500\" height=\"1000\" src=\"https:\/\/www.osmed.com.tr\/blog\/wp-content\/uploads\/2024\/06\/MKA.jpg\" class=\"attachment-full\" alt=\"\" title=\"MKA\" srcset=\"https:\/\/www.osmed.com.tr\/blog\/wp-content\/uploads\/2024\/06\/MKA.jpg 1500w, https:\/\/www.osmed.com.tr\/blog\/wp-content\/uploads\/2024\/06\/MKA-300x200.jpg 300w, https:\/\/www.osmed.com.tr\/blog\/wp-content\/uploads\/2024\/06\/MKA-1024x683.jpg 1024w, https:\/\/www.osmed.com.tr\/blog\/wp-content\/uploads\/2024\/06\/MKA-768x512.jpg 768w, https:\/\/www.osmed.com.tr\/blog\/wp-content\/uploads\/2024\/06\/MKA-800x533.jpg 800w\" sizes=\"(max-width: 1500px) 100vw, 1500px\" \/><\/a><\/div><div class=\"phb-content text-left \" ><h5 >\u00dclke genelinde binlerce sekt\u00f6r mensubunu bir araya getirdik.<\/h5><div class=\"phb-btncontainer\">\r\n                      <a href=\"#katilimci\"  title=\"\" class=\"tt_button tt_primary_button btn_primary_color\">Daha Fazla<\/a>\r\n                  <\/div><\/div><\/div><div class=\"kd-photobox kd-animated fadeInUp \" data-animation-delay=400><div class=\"photobox-img\"><a href=\"#toplanti\"  title=\"\"><img loading=\"lazy\" decoding=\"async\" width=\"450\" height=\"280\" src=\"https:\/\/www.osmed.com.tr\/blog\/wp-content\/uploads\/2024\/06\/dar.jpg\" class=\"attachment-full\" alt=\"\" title=\"dar\" srcset=\"https:\/\/www.osmed.com.tr\/blog\/wp-content\/uploads\/2024\/06\/dar.jpg 450w, https:\/\/www.osmed.com.tr\/blog\/wp-content\/uploads\/2024\/06\/dar-300x187.jpg 300w, https:\/\/www.osmed.com.tr\/blog\/wp-content\/uploads\/2024\/06\/dar-400x250.jpg 400w\" sizes=\"(max-width: 450px) 100vw, 450px\" \/><\/a><\/div><div class=\"phb-content text-left \" ><h5 >Alan\u0131nda uzman ki\u015filerce verilen toplant\u0131 ve seminerler.<\/h5><div class=\"phb-btncontainer\">\r\n                      <a href=\"#toplanti\"  title=\"\" class=\"tt_button tt_primary_button btn_primary_color\">Daha Fazla<\/a>\r\n                  <\/div><\/div><\/div><\/div>\r\n                <\/div><script type=\"text\/javascript\">\r\n          \t\t\t\tjQuery(document).ready(function($){\r\n                    if ($(\".photobox-carousel.kd-pbc-69e1cd274a915 .pbc-content\").length) {\r\n                      $(\".photobox-carousel.kd-pbc-69e1cd274a915 .pbc-content\").owlCarousel({\r\n                          stageClass: \"owl-wrapper\",\r\n                          stageOuterClass: \"owl-wrapper-outer\",\r\n                          loadedClass: \"owl-carousel\",\r\n                          responsive:{\r\n                              0:{\r\n                                  items:1,\r\n                                  dots: false,\r\n                                  nav: true,\r\n                                  navSpeed: 500,\r\n                              },\r\n                              768:{\r\n                                  items:2,\r\n                              },\r\n                              1199:{\r\n                                  items:2,\r\n                              },\r\n                              1366:{\r\n                                  items:2,\ndots: true,\r\n                                    dotsEach: true,\r\n                                    dotsSpeed: 500,\r\n                                    nav: true,\r\n                                    navSpeed: 500,}\r\n                          },\r\n                          rewind: true,\nloop: true,\nautoplay: false,\nautoplayHoverPause: false,addClassActive: true,\r\n                      });\r\n                    }\r\n          \t\t\t\t});\r\n          \t\t\t<\/script>[\/vc_column_inner][\/vc_row_inner][\/vc_column][\/vc_row][vc_row full_width=&#8221;stretch_row&#8221; css=&#8221;.vc_custom_1717505385716{padding-top: 100px !important;padding-bottom: 70px !important;background-color: #f5f5f5 !important;}&#8221; el_id=&#8221;tedarikci&#8221;][vc_column width=&#8221;5\/12&#8243; css=&#8221;.vc_custom_1522315715352{padding-right: 0px !important;padding-left: 0px !important;}&#8221; offset=&#8221;vc_col-lg-5 vc_col-md-12&#8243;][vc_row_inner css=&#8221;.vc_custom_1539606985318{margin-bottom: 10px !important;padding-top: 40px !important;padding-right: 80px !important;}&#8221;][vc_column_inner]<header class=\"kd-section-title col-lg-12 text-left  kd-animated fadeIn  \" data-animation-delay=200><h2 class=\"separator_off\" >\u00dclke genelinde yapt\u0131\u011f\u0131m\u0131z organizasyonda birlikte yola \u00e7\u0131kt\u0131klar\u0131m\u0131z.<\/h2><h6 class=\"subtitle \" >10 Y\u0131lda 100'lerce sekt\u00f6r\u00fcnde \u00f6nc\u00fc isim ile ger\u00e7ekle\u015ftirdi\u011fimiz organizasyonlarda, ismimize g\u00fcvenip bizimle \u00e7\u0131kt\u0131\u011f\u0131n\u0131z yola te\u015fekk\u00fcr ederiz.<\/h6><\/header>[vc_empty_space height=&#8221;20px&#8221;]<a  href=\"https:\/\/www.osmed.com.tr\/blog\/hakkimizda\/\"  target=\"_self\"  title=\"\" class=\"tt_button tt_secondary_button btn_primary_color  pull-left button-action-link  kd-animated zoomIn\" data-animation-delay=200><span class=\"prim_text\">Hakk\u0131m\u0131zda<\/span><\/a>[\/vc_column_inner][\/vc_row_inner][\/vc_column][vc_column width=&#8221;1\/12&#8243; offset=&#8221;vc_hidden-md vc_hidden-sm vc_hidden-xs&#8221;][\/vc_column][vc_column width=&#8221;1\/2&#8243; offset=&#8221;vc_col-lg-6 vc_col-md-12&#8243; css=&#8221;.vc_custom_1539595708581{padding-right: 0px !important;}&#8221;][vc_row_inner css=&#8221;.vc_custom_1539595715348{margin-right: -15px !important;padding-right: 0px !important;}&#8221;][vc_column_inner css=&#8221;.vc_custom_1539595642996{padding-right: 0px !important;padding-left: 0px !important;}&#8221;]<div class=\"mg-gallery mg-container row three-columns\" ><div class=\"mg-sizer\"><\/div><div class=\"mg-single-img small-masonry-img\"><a data-size=\"1100x1100\" href=https:\/\/www.osmed.com.tr\/blog\/wp-content\/uploads\/2024\/06\/varta.jpg  ><img loading=\"lazy\" decoding=\"async\" width=\"1100\" height=\"1100\" src=\"https:\/\/www.osmed.com.tr\/blog\/wp-content\/uploads\/2024\/06\/varta.jpg\" class=\"masonry-gallery-img attachment-full\" alt=\"\" title=\"varta\" srcset=\"https:\/\/www.osmed.com.tr\/blog\/wp-content\/uploads\/2024\/06\/varta.jpg 1100w, https:\/\/www.osmed.com.tr\/blog\/wp-content\/uploads\/2024\/06\/varta-300x300.jpg 300w, https:\/\/www.osmed.com.tr\/blog\/wp-content\/uploads\/2024\/06\/varta-1024x1024.jpg 1024w, https:\/\/www.osmed.com.tr\/blog\/wp-content\/uploads\/2024\/06\/varta-150x150.jpg 150w, https:\/\/www.osmed.com.tr\/blog\/wp-content\/uploads\/2024\/06\/varta-768x768.jpg 768w, https:\/\/www.osmed.com.tr\/blog\/wp-content\/uploads\/2024\/06\/varta-320x320.jpg 320w, https:\/\/www.osmed.com.tr\/blog\/wp-content\/uploads\/2024\/06\/varta-800x800.jpg 800w\" sizes=\"(max-width: 1100px) 100vw, 1100px\" \/><\/a><\/div><div class=\"mg-single-img small-masonry-img\"><a data-size=\"1100x1100\" href=https:\/\/www.osmed.com.tr\/blog\/wp-content\/uploads\/2024\/06\/aksuboya.jpg  ><img loading=\"lazy\" decoding=\"async\" width=\"1100\" height=\"1100\" src=\"https:\/\/www.osmed.com.tr\/blog\/wp-content\/uploads\/2024\/06\/aksuboya.jpg\" class=\"masonry-gallery-img attachment-full\" alt=\"\" title=\"aksuboya\" srcset=\"https:\/\/www.osmed.com.tr\/blog\/wp-content\/uploads\/2024\/06\/aksuboya.jpg 1100w, https:\/\/www.osmed.com.tr\/blog\/wp-content\/uploads\/2024\/06\/aksuboya-300x300.jpg 300w, https:\/\/www.osmed.com.tr\/blog\/wp-content\/uploads\/2024\/06\/aksuboya-1024x1024.jpg 1024w, https:\/\/www.osmed.com.tr\/blog\/wp-content\/uploads\/2024\/06\/aksuboya-150x150.jpg 150w, https:\/\/www.osmed.com.tr\/blog\/wp-content\/uploads\/2024\/06\/aksuboya-768x768.jpg 768w, https:\/\/www.osmed.com.tr\/blog\/wp-content\/uploads\/2024\/06\/aksuboya-320x320.jpg 320w, https:\/\/www.osmed.com.tr\/blog\/wp-content\/uploads\/2024\/06\/aksuboya-800x800.jpg 800w\" sizes=\"(max-width: 1100px) 100vw, 1100px\" \/><\/a><\/div><div class=\"mg-single-img small-masonry-img\"><a data-size=\"1100x1100\" href=https:\/\/www.osmed.com.tr\/blog\/wp-content\/uploads\/2024\/06\/eca.jpg  ><img loading=\"lazy\" decoding=\"async\" width=\"1100\" height=\"1100\" src=\"https:\/\/www.osmed.com.tr\/blog\/wp-content\/uploads\/2024\/06\/eca.jpg\" class=\"masonry-gallery-img attachment-full\" alt=\"\" title=\"eca\" srcset=\"https:\/\/www.osmed.com.tr\/blog\/wp-content\/uploads\/2024\/06\/eca.jpg 1100w, https:\/\/www.osmed.com.tr\/blog\/wp-content\/uploads\/2024\/06\/eca-300x300.jpg 300w, https:\/\/www.osmed.com.tr\/blog\/wp-content\/uploads\/2024\/06\/eca-1024x1024.jpg 1024w, https:\/\/www.osmed.com.tr\/blog\/wp-content\/uploads\/2024\/06\/eca-150x150.jpg 150w, https:\/\/www.osmed.com.tr\/blog\/wp-content\/uploads\/2024\/06\/eca-768x768.jpg 768w, https:\/\/www.osmed.com.tr\/blog\/wp-content\/uploads\/2024\/06\/eca-320x320.jpg 320w, https:\/\/www.osmed.com.tr\/blog\/wp-content\/uploads\/2024\/06\/eca-800x800.jpg 800w\" sizes=\"(max-width: 1100px) 100vw, 1100px\" \/><\/a><\/div><div class=\"mg-single-img small-masonry-img\"><a data-size=\"1100x1100\" href=https:\/\/www.osmed.com.tr\/blog\/wp-content\/uploads\/2024\/06\/schneider.jpg  ><img loading=\"lazy\" decoding=\"async\" width=\"1100\" height=\"1100\" src=\"https:\/\/www.osmed.com.tr\/blog\/wp-content\/uploads\/2024\/06\/schneider.jpg\" class=\"masonry-gallery-img attachment-full\" alt=\"\" title=\"schneider\" srcset=\"https:\/\/www.osmed.com.tr\/blog\/wp-content\/uploads\/2024\/06\/schneider.jpg 1100w, https:\/\/www.osmed.com.tr\/blog\/wp-content\/uploads\/2024\/06\/schneider-300x300.jpg 300w, https:\/\/www.osmed.com.tr\/blog\/wp-content\/uploads\/2024\/06\/schneider-1024x1024.jpg 1024w, https:\/\/www.osmed.com.tr\/blog\/wp-content\/uploads\/2024\/06\/schneider-150x150.jpg 150w, https:\/\/www.osmed.com.tr\/blog\/wp-content\/uploads\/2024\/06\/schneider-768x768.jpg 768w, https:\/\/www.osmed.com.tr\/blog\/wp-content\/uploads\/2024\/06\/schneider-320x320.jpg 320w, https:\/\/www.osmed.com.tr\/blog\/wp-content\/uploads\/2024\/06\/schneider-800x800.jpg 800w\" sizes=\"(max-width: 1100px) 100vw, 1100px\" \/><\/a><\/div><div class=\"mg-single-img small-masonry-img\"><a data-size=\"1100x1100\" href=https:\/\/www.osmed.com.tr\/blog\/wp-content\/uploads\/2024\/06\/dogus.jpg  ><img loading=\"lazy\" decoding=\"async\" width=\"1100\" height=\"1100\" src=\"https:\/\/www.osmed.com.tr\/blog\/wp-content\/uploads\/2024\/06\/dogus.jpg\" class=\"masonry-gallery-img attachment-full\" alt=\"\" title=\"dogus\" srcset=\"https:\/\/www.osmed.com.tr\/blog\/wp-content\/uploads\/2024\/06\/dogus.jpg 1100w, https:\/\/www.osmed.com.tr\/blog\/wp-content\/uploads\/2024\/06\/dogus-300x300.jpg 300w, https:\/\/www.osmed.com.tr\/blog\/wp-content\/uploads\/2024\/06\/dogus-1024x1024.jpg 1024w, https:\/\/www.osmed.com.tr\/blog\/wp-content\/uploads\/2024\/06\/dogus-150x150.jpg 150w, https:\/\/www.osmed.com.tr\/blog\/wp-content\/uploads\/2024\/06\/dogus-768x768.jpg 768w, https:\/\/www.osmed.com.tr\/blog\/wp-content\/uploads\/2024\/06\/dogus-320x320.jpg 320w, https:\/\/www.osmed.com.tr\/blog\/wp-content\/uploads\/2024\/06\/dogus-800x800.jpg 800w\" sizes=\"(max-width: 1100px) 100vw, 1100px\" \/><\/a><\/div><div class=\"mg-single-img small-masonry-img\"><a data-size=\"1100x1100\" href=https:\/\/www.osmed.com.tr\/blog\/wp-content\/uploads\/2024\/06\/daikin.jpg  ><img loading=\"lazy\" decoding=\"async\" width=\"1100\" height=\"1100\" src=\"https:\/\/www.osmed.com.tr\/blog\/wp-content\/uploads\/2024\/06\/daikin.jpg\" class=\"masonry-gallery-img attachment-full\" alt=\"\" title=\"daikin\" srcset=\"https:\/\/www.osmed.com.tr\/blog\/wp-content\/uploads\/2024\/06\/daikin.jpg 1100w, https:\/\/www.osmed.com.tr\/blog\/wp-content\/uploads\/2024\/06\/daikin-300x300.jpg 300w, https:\/\/www.osmed.com.tr\/blog\/wp-content\/uploads\/2024\/06\/daikin-1024x1024.jpg 1024w, https:\/\/www.osmed.com.tr\/blog\/wp-content\/uploads\/2024\/06\/daikin-150x150.jpg 150w, https:\/\/www.osmed.com.tr\/blog\/wp-content\/uploads\/2024\/06\/daikin-768x768.jpg 768w, https:\/\/www.osmed.com.tr\/blog\/wp-content\/uploads\/2024\/06\/daikin-320x320.jpg 320w, https:\/\/www.osmed.com.tr\/blog\/wp-content\/uploads\/2024\/06\/daikin-800x800.jpg 800w\" sizes=\"(max-width: 1100px) 100vw, 1100px\" \/><\/a><\/div><\/div>[\/vc_column_inner][\/vc_row_inner][\/vc_column][\/vc_row][vc_row full_width=&#8221;stretch_row_content&#8221; css=&#8221;.vc_custom_1717506139830{padding-bottom: 100px !important;background: #f5f5f5 url(http:\/\/www.osmed.com.tr\/blog\/wp-content\/uploads\/2024\/06\/der.jpg?id=7573) !important;background-position: center !important;background-repeat: no-repeat !important;background-size: cover !important;}&#8221; el_class=&#8221;hide-bg-on-mobile&#8221; el_id=&#8221;katilimci&#8221;][vc_column width=&#8221;5\/12&#8243; offset=&#8221;vc_hidden-md vc_hidden-sm vc_hidden-xs&#8221;][vc_row_inner css=&#8221;.vc_custom_1513703630566{padding-top: 275px !important;}&#8221;][vc_column_inner css=&#8221;.vc_custom_1522316735505{padding-top: 0px !important;padding-bottom: 0px !important;}&#8221; offset=&#8221;vc_hidden-md vc_hidden-sm vc_hidden-xs&#8221;][\/vc_column_inner][\/vc_row_inner][\/vc_column][vc_column width=&#8221;1\/2&#8243; css=&#8221;.vc_custom_1522316706193{padding-top: 0px !important;padding-right: 0px !important;padding-left: 0px !important;}&#8221; offset=&#8221;vc_col-lg-6 vc_col-md-12&#8243;][vc_row_inner css=&#8221;.vc_custom_1513704206494{padding-top: 100px !important;padding-bottom: 30px !important;}&#8221;][vc_column_inner width=&#8221;1\/4&#8243; offset=&#8221;vc_hidden-xs&#8221;][\/vc_column_inner][vc_column_inner width=&#8221;1\/2&#8243;]<header class=\"kd-section-title col-lg-12 text-left  kd-animated fadeIn  \" data-animation-delay=200><h2 class=\"separator_off\" >Sekt\u00f6re, sekt\u00f6r\u00fcn mensuplar\u0131 ile birlikte y\u00f6n veriyoruz.<\/h2><h6 class=\"subtitle \" >Biz OSMED olarak yola \u00e7\u0131karken organizasyonlar\u0131m\u0131z\u0131n bu noktaya gelece\u011fini ancak hayal edebilirdik. Bug\u00fcn geldi\u011fimiz noktada t\u00fcm sekt\u00f6r mensubu arkada\u015flar\u0131m\u0131z\u0131n katk\u0131lar\u0131na te\u015fekk\u00fcr ederiz.<\/h6><\/header>[\/vc_column_inner][vc_column_inner width=&#8221;1\/4&#8243; offset=&#8221;vc_hidden-xs&#8221;][\/vc_column_inner][\/vc_row_inner][vc_row_inner][vc_column_inner width=&#8221;1\/4&#8243; offset=&#8221;vc_hidden-xs&#8221;][\/vc_column_inner][vc_column_inner width=&#8221;1\/4&#8243;]<div class=\"key-icon-box icon-default icon-top cont-left ib-no-effect  kd-animated fadeIn\" style=\"background-color: transparent;\" data-animation-delay=200><i class=\"iconsmind-Hotel iconsmind-Buildings-Landmarks\" style=\" \"><\/i> <h6 class=\"service-heading\" >Konaklama sekt\u00f6r\u00fc<\/h6><p >Sekt\u00f6r\u00fcn art\u0131lar\u0131n\u0131 ve eksilerini birlikte ele ald\u0131\u011f\u0131m\u0131z toplant\u0131lar.<\/p><\/div>[\/vc_column_inner][vc_column_inner width=&#8221;1\/4&#8243;]<div class=\"key-icon-box icon-default icon-top cont-left ib-no-effect  kd-animated fadeIn\" style=\"background-color: transparent;\" data-animation-delay=200><i class=\"iconsmind-Crown iconsmind-Objects\" style=\" \"><\/i> <h6 class=\"service-heading\" >Hedef kalite<\/h6><p >Beyin f\u0131rt\u0131nalar\u0131 ile kaliteyi nas\u0131l y\u00fckseltece\u011fimizi belirliyoruz.<\/p><\/div>[\/vc_column_inner][vc_column_inner width=&#8221;1\/4&#8243;][\/vc_column_inner][\/vc_row_inner][\/vc_column][vc_column width=&#8221;1\/12&#8243; offset=&#8221;vc_hidden-md vc_hidden-sm vc_hidden-xs&#8221;][\/vc_column][\/vc_row][vc_row full_width=&#8221;stretch_row&#8221; css=&#8221;.vc_custom_1717508912793{padding-top: 230px !important;padding-bottom: 80px !important;background-image: url(http:\/\/www.osmed.com.tr\/blog\/wp-content\/uploads\/2024\/06\/kurum.jpg?id=7580) !important;background-position: center !important;background-repeat: no-repeat !important;background-size: cover !important;}&#8221; el_id=&#8221;toplanti&#8221;][vc_column css=&#8221;.vc_custom_1513003956648{padding-top: 0px !important;}&#8221;][vc_row_inner][vc_column_inner css=&#8221;.vc_custom_1541511875608{padding-top: 40px !important;padding-bottom: 40px !important;padding-left: 0px !important;}&#8221; offset=&#8221;vc_col-lg-5&#8243;]<header class=\"kd-section-title col-lg-12 text-left  kd-animated fadeIn  \" data-animation-delay=200><h2 class=\"separator_off\" style=\"color: #ffffff;font-size: 42px;\">Organizasyonlar\u0131m\u0131zda d\u00fczenledi\u011fimiz sempozyumlar ile y\u0131ll\u0131k de\u011ferlendirmeleri ele al\u0131yoruz<\/h2><h6 class=\"subtitle \" style=\"color: #ffffff;\">Y\u0131l sonu toplant\u0131lar\u0131m\u0131zda ge\u00e7mi\u015f y\u0131l\u0131 de\u011ferlendirirken, gelecek y\u0131l\u0131n aksiyonlar\u0131 \u015fekillendiriliyor.<\/h6><\/header>[vc_empty_space height=&#8221;10px&#8221;]<a  href=\"https:\/\/www.osmed.com.tr\/blog\/hakkimizda\/\"  target=\"_self\"  title=\"\" class=\"tt_button tt_primary_button btn_primary_color  pull-left button-action-link  kd-animated zoomIn\" data-animation-delay=200><span class=\"prim_text\">Hakk\u0131m\u0131zda<\/span><\/a>[\/vc_column_inner][vc_column_inner width=&#8221;1\/12&#8243; offset=&#8221;vc_hidden-md vc_hidden-sm vc_hidden-xs&#8221;][\/vc_column_inner][vc_column_inner el_class=&#8221;boxed-column&#8221; css=&#8221;.vc_custom_1541511815499{padding-right: 0px !important;padding-left: 80px !important;}&#8221; offset=&#8221;vc_col-lg-5&#8243;]\r\n                <div class=\"photobox-carousel pbc-parent white-navigation kd-pbc-69e1cd275c5af nav-dots\">\r\n                    <div class=\"pbc-content\"><div class=\"kd-photobox kd-animated fadeInUp \" data-animation-delay=200><div class=\"photobox-img\"><img loading=\"lazy\" decoding=\"async\" width=\"450\" height=\"280\" src=\"https:\/\/www.osmed.com.tr\/blog\/wp-content\/uploads\/2024\/06\/tpl1.jpg\" class=\"attachment-full\" alt=\"\" title=\"tpl1\" srcset=\"https:\/\/www.osmed.com.tr\/blog\/wp-content\/uploads\/2024\/06\/tpl1.jpg 450w, https:\/\/www.osmed.com.tr\/blog\/wp-content\/uploads\/2024\/06\/tpl1-300x187.jpg 300w, https:\/\/www.osmed.com.tr\/blog\/wp-content\/uploads\/2024\/06\/tpl1-400x250.jpg 400w\" sizes=\"(max-width: 450px) 100vw, 450px\" \/><\/div><div class=\"phb-content text-center \" ><h5 >Verimli i\u00e7erikler<\/h5><p >Sekt\u00f6r\u00fcn \u00f6nde gelen isimleri \u00fcr\u00fcn ve hizmetlerinin sekt\u00f6re katk\u0131lar\u0131n\u0131 aktar\u0131yorlar.<\/p><\/div><\/div><div class=\"kd-photobox  \" ><div class=\"photobox-img\"><img loading=\"lazy\" decoding=\"async\" width=\"450\" height=\"280\" src=\"https:\/\/www.osmed.com.tr\/blog\/wp-content\/uploads\/2024\/06\/tpl3.jpg\" class=\"attachment-full\" alt=\"\" title=\"tpl3\" srcset=\"https:\/\/www.osmed.com.tr\/blog\/wp-content\/uploads\/2024\/06\/tpl3.jpg 450w, https:\/\/www.osmed.com.tr\/blog\/wp-content\/uploads\/2024\/06\/tpl3-300x187.jpg 300w, https:\/\/www.osmed.com.tr\/blog\/wp-content\/uploads\/2024\/06\/tpl3-400x250.jpg 400w\" sizes=\"(max-width: 450px) 100vw, 450px\" \/><\/div><div class=\"phb-content text-center \" ><h5 >Enerji \u00e7\u00f6z\u00fcmleri<\/h5><p >Ya\u015fam\u0131 bekleyen en b\u00fcy\u00fck sorun olan enerji t\u00fcketimi konusunda yenilik\u00e7i \u00e7\u00f6z\u00fcmler sunuluyor.<\/p><\/div><\/div><div class=\"kd-photobox  \" ><div class=\"photobox-img\"><img loading=\"lazy\" decoding=\"async\" width=\"450\" height=\"280\" src=\"https:\/\/www.osmed.com.tr\/blog\/wp-content\/uploads\/2024\/06\/tpl4.jpg\" class=\"attachment-full\" alt=\"\" title=\"tpl4\" srcset=\"https:\/\/www.osmed.com.tr\/blog\/wp-content\/uploads\/2024\/06\/tpl4.jpg 450w, https:\/\/www.osmed.com.tr\/blog\/wp-content\/uploads\/2024\/06\/tpl4-300x187.jpg 300w, https:\/\/www.osmed.com.tr\/blog\/wp-content\/uploads\/2024\/06\/tpl4-400x250.jpg 400w\" sizes=\"(max-width: 450px) 100vw, 450px\" \/><\/div><div class=\"phb-content text-center \" ><h5 >Lider isimler<\/h5><p >Topluluk olarak kanaatleri dikkatle dinlenen isimler, organizasyonlar\u0131m\u0131zda deneyimlerini payla\u015f\u0131yor.<\/p><\/div><\/div><div class=\"kd-photobox  \" ><div class=\"photobox-img\"><img loading=\"lazy\" decoding=\"async\" width=\"450\" height=\"280\" src=\"https:\/\/www.osmed.com.tr\/blog\/wp-content\/uploads\/2024\/06\/tpl2.jpg\" class=\"attachment-full\" alt=\"\" title=\"tpl2\" srcset=\"https:\/\/www.osmed.com.tr\/blog\/wp-content\/uploads\/2024\/06\/tpl2.jpg 450w, https:\/\/www.osmed.com.tr\/blog\/wp-content\/uploads\/2024\/06\/tpl2-300x187.jpg 300w, https:\/\/www.osmed.com.tr\/blog\/wp-content\/uploads\/2024\/06\/tpl2-400x250.jpg 400w\" sizes=\"(max-width: 450px) 100vw, 450px\" \/><\/div><div class=\"phb-content text-center \" ><h5 >\u00c7\u00f6z\u00fcmleri konu\u015fuyoruz<\/h5><p >Sekt\u00f6r\u00fcn sorunlar\u0131n\u0131 yine sekt\u00f6r mensuplar\u0131 ile payla\u015f\u0131p, \u00e7\u00f6z\u00fcmleri birlikte ar\u0131yoruz.<\/p><\/div><\/div><\/div>\r\n                <\/div><script type=\"text\/javascript\">\r\n          \t\t\t\tjQuery(document).ready(function($){\r\n                    if ($(\".photobox-carousel.kd-pbc-69e1cd275c5af .pbc-content\").length) {\r\n                      $(\".photobox-carousel.kd-pbc-69e1cd275c5af .pbc-content\").owlCarousel({\r\n                          stageClass: \"owl-wrapper\",\r\n                          stageOuterClass: \"owl-wrapper-outer\",\r\n                          loadedClass: \"owl-carousel\",\r\n                          responsive:{\r\n                              0:{\r\n                                  items:1,\r\n                                  dots: false,\r\n                                  nav: true,\r\n                                  navSpeed: 500,\r\n                              },\r\n                              768:{\r\n                                  items:2,\r\n                              },\r\n                              1199:{\r\n                                  items:1,\r\n                              },\r\n                              1366:{\r\n                                  items:1,\ndots: true,\r\n                                    dotsEach: true,\r\n                                    nav: false,\r\n                                    dotsSpeed: 500,}\r\n                          },\r\n                          rewind: true,\nloop: true,\nautoplay: true,\nautoplayTimeout: 5000,\nautoplayHoverPause: true,addClassActive: true,\r\n                      });\r\n                    }\r\n          \t\t\t\t});\r\n          \t\t\t<\/script>[\/vc_column_inner][\/vc_row_inner][\/vc_column][\/vc_row]<\/p>\n<\/div>","protected":false},"excerpt":{"rendered":"<p>[vc_row full_width=&#8221;stretch_row&#8221; css=&#8221;.vc_custom_1717492428880{padding-top: 100px !important;background: #1a1a1a url(https:\/\/www.ekko-wp.com\/static\/wp-content\/uploads\/sites\/3\/2018\/10\/parallax.jpg?id=) !important;}&#8221; el_class=&#8221;under-menu-topbar&#8221;][vc_column css=&#8221;.vc_custom_1515686761275{padding-right: 0px !important;padding-left: 0px !important;}&#8221;][vc_row_inner][vc_column_inner][\/vc_column_inner][\/vc_row_inner][vc_row_inner css=&#8221;.vc_custom_1717505370956{padding-bottom: [&hellip;]<\/p>\n","protected":false},"author":1,"featured_media":7552,"parent":0,"menu_order":0,"comment_status":"closed","ping_status":"closed","template":"","meta":{"footnotes":""},"_links":{"self":[{"href":"https:\/\/www.osmed.com.tr\/blog\/wp-json\/wp\/v2\/pages\/7550"}],"collection":[{"href":"https:\/\/www.osmed.com.tr\/blog\/wp-json\/wp\/v2\/pages"}],"about":[{"href":"https:\/\/www.osmed.com.tr\/blog\/wp-json\/wp\/v2\/types\/page"}],"author":[{"embeddable":true,"href":"https:\/\/www.osmed.com.tr\/blog\/wp-json\/wp\/v2\/users\/1"}],"replies":[{"embeddable":true,"href":"https:\/\/www.osmed.com.tr\/blog\/wp-json\/wp\/v2\/comments?post=7550"}],"version-history":[{"count":25,"href":"https:\/\/www.osmed.com.tr\/blog\/wp-json\/wp\/v2\/pages\/7550\/revisions"}],"predecessor-version":[{"id":7590,"href":"https:\/\/www.osmed.com.tr\/blog\/wp-json\/wp\/v2\/pages\/7550\/revisions\/7590"}],"wp:featuredmedia":[{"embeddable":true,"href":"https:\/\/www.osmed.com.tr\/blog\/wp-json\/wp\/v2\/media\/7552"}],"wp:attachment":[{"href":"https:\/\/www.osmed.com.tr\/blog\/wp-json\/wp\/v2\/media?parent=7550"}],"curies":[{"name":"wp","href":"https:\/\/api.w.org\/{rel}","templated":true}]}}